+ c - 8*c**2 - d*c**2. Let v be 3/(-6)*1*-2. What is m(v)?
-9
Suppose -3*t + t + 8 = -l, -3*l = -4*t + 20. Let f(o) = 3*o + o**2 - o**t - 2*o**2 + o**2. Calculate f(2).
2
Suppose -3*c + 2*p + 2 = 0, 3*p - 1 - 3 = c. Let u(x) be the first derivative of x**3/3 + x**2 - 3*x - 1. Calculate u(c).
5
Let h(l) = 7*l**2 + 5*l - 4. Let c(o) = -8*o**2 - 6*o + 5. Let i(q) = 4*c(q) + 5*h(q). What is i(-1)?
2
Suppose l - 39 = 5*o - 0*l, 2*l = 2*o + 22. Let m = 9 + o. Let c(z) = -z**2 + 3*z - 1. What is c(m)?
1
Let t(k) be the second derivative of -k**5/20 + k**4/3 + k**3 - 3*k**2/2 + k. Determine t(5).
2
Let m(h) = 2*h - 2. Let x = 1 + 3. Determine m(x).
6
Let g(p) = -p - 1. Suppose y + 14 - 37 = -4*z, z - 4 = 0. What is g(y)?
-8
Suppose 5 + 0 = w. Suppose n - 4 = 4*b - 17, -14 = -w*b + 2*n. Let h be ((-4)/(-2) - b) + 0. Let v(t) = -3*t - 3. Calculate v(h).
3
Suppose 0 = -3*k - 3, -4*x + 3*k + 1 = -22. Let u(m) = 1 + 3*m - x*m + 3*m + 3*m. Suppose f = -5*v - 18, f - 3*v - 18 = -2*f. Give u(f).
9
Suppose -d - 4*n = 8, -4*d - n = 4 - 17. Let g(j) = 6 - 6 - 3 - 3*j + d*j. Give g(0).
-3
Let x(v) = -3*v**2 - 3*v**2 + 8 + 3*v - 9 - 4*v. Let i(n) = -n**2 + 3*n + 3. Suppose 0 = -3*o + 10 + 2. Let b be i(o). What is x(b)?
-6
Let u(a) = 0 + 0 + 7 + a. Let w = -11 + 6. Give u(w).
2
Let w(n) = -n**2 - 5*n. Let a be 20/(-6)*(-12)/(-10). Let f be (-8)/3*(-6)/a. Calculate w(f).
4
Let g(k) = 4*k**3 + 2*k**2 - 1. Let s(h) = -7*h + 15. Let t(i) = -3*i + 8. Let o(c) = 2*s(c) - 5*t(c). Let l be o(11). Give g(l).
5
Let o(k) = -133*k + 62*k + 1 + 62*k - 5. What is o(-3)?
23
Let u(a) = -3 + 2 - a**2 + 2*a**2. Let n(s) = -5*s**3 + 2*s**2 - 1. Let y(q) = n(q) - 2*u(q). Give y(1).
-4
Let z = 13 - 9. Let g(h) = 4*h + 2*h + 0*h - 5. Let v(d) = 7*d - 5. Let w(i) = -5*g(i) + 4*v(i). Give w(z).
-3
Let b(p) = -1. Let j(a) = a - 3. Let h(w) = -2*b(w) + 2*j(w). Let x(t) = -t**2 - 17*t + 3. Let q be x(-17). Calculate h(q).
2
Let o(m) = -m + 16 - 16. Calculate o(0).
0
Let z(w) = -3*w - 5. Let y(t) = t**3 - 10*t**2 + t + 4. Let c be y(10). Let g = 9 - c. Give z(g).
10
Let l(d) be the first derivative of 1/2*d**2 - 1/6*d**3 + 0*d - 1 + 1/12*d**4 - 3/20*d**5. Let a(k) be the second derivative of l(k). Determine a(1).
-8
Let y(o) be the third derivative of o**7/840 + o**6/90 + o**5/60 + o**4/6 + o**3/2 - 2*o**2. Let p(f) be the first derivative of y(f). Give p(-4).
-4
Let p = 109 + -110. Let l(w) = 14*w**2 - w. Calculate l(p).
15
Let r(s) be the third derivative of s**4/24 + 4*s**3/3 - 26*s**2. Determine r(-8).
0
Let a(p) be the first derivative of -p**5/20 - p**4/3 - 5*p**3/6 - p**2 + 3*p - 3. Let v(u) be the first derivative of a(u). Calculate v(-3).
4
Let q(x) = x**2 + 6 - 6 + 0*x + 2*x. Let z be q(-2). Let s(i) = -5 + 3*i**2 - 4*i**2 - i**3 + 0. Give s(z).
-5
Let o(k) = k - 4. Let z(q) = -q**3 - 10*q**2 - 9*q. Let u(r) = -14*r**2 - 5*r**2 + 9*r**2 - r**3 - 9. Let p be u(-10). Let n be z(p). Determine o(n).
-4
Suppose 2*k - 6 - 12 = 0. Let p(m) = k - 9*m - 4 + 8*m. Let w(i) = i**2 + 2*i - 4. Let c be w(-4). Determine p(c).
1
Let c(k) = k**3 - 8*k**2 - 7*k - 11. Let a be c(9). Let m(v) = 7*v**2 - 7*v + 7. Let o(y) = y - 1. Let z(p) = a*o(p) + m(p). Calculate z(-1).
7
Let m(i) = -i**3 - 2*i**2 - 7*i - 7. Let p(g) = 3*g**3 + 6*g**2 + 20*g + 20. Let c(a) = -17*m(a) - 6*p(a). Let y = 7 + -9. Give c(y).
1
Let q = -5 + 11. Let g(v) = v**2 - 7*v + 7. Determine g(q).
1
Let l = -122 - -118. Let f(g) be the second derivative of -g**3/3 - g**2 - g. What is f(l)?
6
Suppose 8 = 3*q - q. Let p(f) be the second derivative of 3*f + 0*f**2 + 0 + 1/6*f**3 + 1/3*f**q. Determine p(1).
5
Suppose -13*x = -8*x + 15. Let m(f) = f**3 + 3*f**2 + 3*f + 1. What is m(x)?
-8
Let x(m) = -m**3 - 2*m**2 + 2. Let u = 98 - 100. Give x(u).
2
Suppose -3*r - 4*p - 18 = -p, 3*r + 23 = -4*p. Let q = 0 - -2. Let w be 4 - (r + 2) - q. Let f(j) = -2*j**2 - j + 1. What is f(w)?
-2
Let j(v) = 2*v + 8. Suppose 4*u = -0*u - 28. Calculate j(u).
-6
Let g = -29 - -31. Suppose -4*n + 7 = -1. Let h(i) = -i**n + g*i + 0*i - 3 - i. Calculate h(0).
-3
Let x be 1/(-3)*-3 - 4. Let t(g) be the first derivative of -g**2/2 - 3*g + 1. Give t(x).
0
Let v = 5 - 2. Let x(m) = 4*m + 2*m**2 + 1 - m + m**3 - v*m + 3*m. What is x(-2)?
-5
Let s(g) = g**3 - 3*g**2 + 3*g - 2. Let l be s(2). Let i(t) = t + 5*t**3 + 5 - 2*t**2 + 2*t**2 - 6*t**3. Give i(l).
5
Let r(l) = -3*l - 4. Let j(t) = 8 - 5 - t + 3*t. Let o(v) = -8*j(v) - 5*r(v). Let c(n) = n**2 - 9*n + 4. Let f be c(8). Calculate o(f).
0
Let t(q) = q + 3. Let g(k) = -k - 3. Let u(o) = 3*g(o) + 2*t(o). Determine u(-6).
3
Let s(z) = 4. Let d(t) = 7. Let i(r) = -3*d(r) + 5*s(r). Let p(k) = -4*k - 12 + 5*k + 16 - 10. Let y(o) = 2*i(o) - p(o). Calculate y(5).
-1
Let g(h) = -h**3 + 5*h**2 - 3*h. Let c(l) = l - 17. Let z be c(7). Let s = -7 - z. Suppose -s*p + 20 = 2*p. Calculate g(p).
4
Let m(n) = -n**3 + 3*n**2 - 3*n + 1. Let w = -13 - -15. Give m(w).
-1
Let g(u) = 10 - 7 - 4*u**2 - 5*u + 5*u**2. Determine g(3).
-3
Let v(y) = y**2 - y - 2. Let n(d) = -5*d + 24. Let g be n(4). Give v(g).
10
Let n(j) = 3*j - 1. Let t be n(1). Let z(r) = 4*r - 4*r - r + t. Let u be 1/(-1) + 3*2. Determine z(u).
-3
Let q(z) be the third derivative of z**6/120 - 3*z**5/20 + 7*z**4/24 + 5*z**3/3 - 13*z**2. What is q(8)?
2
Let f(n) = -n**3 - 9*n**2 - n - 6. Let b(z) = -2*z + 3. Let r be b(6). What is f(r)?
3
Let f(g) be the second derivative of -g**5/10 + g**4/6 + g**3/3 + g**2/2 - 12*g. What is f(-1)?
3
Let j(k) = 2*k**2 - 6*k + 1 - k**2 + 5. Let y(t) = -2*t**2 - 2*t + 17. Let f(x) = x**2 + x - 8. Let d(z) = -7*f(z) - 3*y(z). Let r be d(0). Give j(r).
1
Let n(v) be the third derivative of v**4/24 - v**3/6 + 3*v**2. Let d be n(-3). Let x(a) = -4 + 3*a + 1 - 2*a + a. Give x(d).
-11
Let s(g) = 4 - 4 - g. Suppose 5*x = -5, -5*u = -4*x + 14 + 2. Let t be 4/2*6/u. Calculate s(t).
3
Let c = -1 - -2. Let i(s) be the second derivative of -s**4/4 + s**2/2 - 80*s. Calculate i(c).
-2
Let h(f) = f**3 + f**2 - 5*f. Let u(j) = -j**3 - 2*j**2 + 5*j + 1. Let p(l) = -3*h(l) - 2*u(l). Determine p(3).
-5
Let p(s) = s**3 + s**2 - 2*s + 1. Suppose -19 - 11 = -3*i. Let b be (-2)/(-10) - (-210)/75. Suppose -5*r = -4*m - i, -m - 7 = -5*r + b. Calculate p(r).
9
Let j(n) = n - 9 + 0*n - 14 + 21. Give j(2).
0
Suppose -g - 2 - 3 = 0. Let p(q) = 2*q**2 + 9 + 5*q - 16 - q**2. Calculate p(g).
-7
Let y = -2 - -2. Let n = 3 - -2. Suppose y = -n*l - 7 - 3. Let o(k) = 2*k**3 + 3*k**2 - k - 2. Give o(l).
-4
Let w(x) = -x + 4. Let r be w(2). Let a(u) = -1 + u**r - 1 - 2*u - u**3 + 0*u**3 + u. Calculate a(0).
-2
Let s(z) = 2*z - 4. Let m be s(1). Let r(f) be the second derivative of 0*f**3 + 0 - f + f**2 - 1/12*f**4. Determine r(m).
-2
Let b = -4 - -7. Let i(c) = 19 + 5*c**2 - b*c - 19 - c**3. Calculate i(4).
4
Let h(f) = 5*f - 36. Let b be h(7). Let g(q) = 6*q - 1. Give g(b).
-7
Let k(z) = z**2 + 6*z + 7. Suppose 5*r - 2*p + 24 = 0, 3*r + p + p + 24 = 0. Determine k(r).
7
Let k(i) = 3*i**2 - i + 2. Let n(r) = 7*r**2 - r + 5. Let b(t) = -5*k(t) + 2*n(t). Determine b(4).
-4
Let k(p) = 2*p**3 + 2*p**2 - p - 2. Let f be (7 + -4)*(-8)/12. Calculate k(f).
-8
Suppose -w - 4 = -a, 2*w + 5 + 6 = 5*a. Let q(h) = -h**3 - h**2 + 1. Let z(x) = 8*x**3 + 3*x**2 + x - 5. Let d(s) = -4*q(s) - z(s). What is d(a)?
-3
Let i(a) = -6*a**3 + 2*a**2 + 7*a + 2. Suppose 8 = -9*y + 11*y. Let l(m) = -5*m**3 + m**2 + 6*m + 2. Let g(q) = y*l(q) - 3*i(q). What is g(-2)?
4
Let k(o) be the third derivative of o**5/120 - 13*o**4/24 + o**3/3 + 2*o**2. Let l(p) be the first derivative of k(p). Give l(6).
-7
Let i(d) = -d**3. Let v be i(-2). Suppose l - 4*l - v = z, 2*l = -5*z - 27. Let g be l + 1 + (5 - 2). Let t(c) = -c - 3. What is t(g)?
-6
Suppose -4*s + 21 = -s. Let j(n) = -n**3 + 6*n**2 + 6*n - 1. Calculate j(s).
-8
Let p(d) = -d - 1. Let v(b) = 3 + 2*b - b - 5 + 0*b. Let s be v(-3). Calculate p(s).
4
Let q = 10 + -6. Let l(k) = -6*k**2 - 3*k - 5. Let i(a) = 7*a**2 + 2*a + 5. Let x(j) = q*i(j) + 5*l(j). Determine x(-4).
-9
Let b(o) = -33 + o**3 + 4*o**2 + 3*o**2 + 28 + 6*o. Determine b(-5).
15
Let s(q) = q**3 + 6*q**2 + q. Suppose -b - 26 = 4*x, 3*b = 4*x + b + 20. Determine s(x).
-6
Let y = -12 - -6. Let c(g) = g**3 + 6*g**2 - 4*g - 4. Determine c(y).
20
Let z(w) be the first derivative of w**3/3 - 